/(-4) + 4/m?
4
Let z = -1063 - -1490. What is the remainder when z is divided by 16?
11
Suppose 30 = -4*n - 14. Let k be (10 + n)/((-2)/(-26)). Calculate the remainder when 20 is divided by (1 - -1) + 18 + k.
6
Suppose 2*z = 6*z + p - 18, -3*p = -3*z + 6. Let n(h) = h**3 - 8*h**2 + 2*h. What is the remainder when n(8) is divided by z?
0
What is the remainder when (290/25)/(6/60) is divided by 13?
12
Calculate the remainder when 58 is divided by (60 + 2)*6/12.
27
Suppose 8*k - 5*k - 24 = 0. Let q = k + -9. Calculate the remainder when 17 is divided by (-17)/(-2) + q/(-2).
8
Let g(p) = -p**2 - 19*p - 11. Let k be g(-18). Let m(f) = -10 + f - k*f - 3*f + 0*f. What is the remainder when m(-3) is divided by 9?
8
Suppose 365*h - 386*h + 147 = 0. Let m = -50 - -77. What is the remainder when m is divided by h?
6
Let n(d) = 2*d**3 - 8*d**2 - 2. Let p = 2538 + -2509. What is the remainder when n(6) is divided by p?
26
Let r = -2958 + 3099. Calculate the remainder when r is divided by 332/14 - 4/(-14).
21
Suppose 0 = -2*c, -5*b - 2*c = -3*c - 20. Suppose -q = -5*q - 4*z + 12, 4*q - 12 = z. What is the remainder when b is divided by q?
1
Suppose 57*w - 265 = 419. What is the remainder when 52 is divided by w?
4
Let x be (-15)/(-25) + 17/5. Suppose 11*w - x = 13*w. Let k = 6 + w. What is the remainder when 5 is divided by k?
1
Let v(q) be the third derivative of -1/60*q**5 + 3/2*q**3 + 2*q**2 - 1/24*q**4 + 0*q + 0. What is the remainder when 42 is divided by v(0)?
6
Calculate the remainder when 146 is divided by -1 + -2 + (-3 - -56).
46
Let n(f) = f**3 + 2*f**2 - 3*f - 3. Let s(k) = 2*k**3 + 23*k**2 - 41*k + 105. What is the remainder when s(-13) is divided by n(3)?
32
Suppose -2*m + 92 = -2*k, 0*m - 3*m + 189 = -4*k. Let r = -42 - k. What is the remainder when 188/12 + (-4)/6 is divided by r?
6
Let n = 93 - 38. Let y = n + -40. Let p = 19 - 10. Calculate the remainder when y is divided by p.
6
Suppose -2*t + 62 + 100 = 0. Let q = 130 - t. Calculate the remainder when q is divided by 17.
15
Suppose -2*q = 5*g - 79, 0 = -g + 3*g + 3*q - 36. Suppose 2*m - 20 = -3*m, 28 = c + 5*m. Calculate the remainder when g is divided by c.
7
Let j = -282 + 300. What is the remainder when 431 is divided by j?
17
What is the remainder when 2927 is divided by 56*(-6 - -7) + (0 - -5)?
60
Suppose -117*a - 830 = -127*a. Calculate the remainder when 341 is divided by a.
9
Let h(s) = 2*s + 6. Let g be h(-3). Suppose 5*u + 29 = 4*k - 0, k + u = 5. Suppose g = -v + k. Calculate the remainder when 23 is divided by v.
5
Suppose -70 = -x + r, -230*x + 229*x - 3*r + 66 = 0. What is the remainder when 619 is divided by x?
67
Calculate the remainder when 333 is divided by 14*20/10*(-4)/(-2).
53
Suppose -y + 6 + 17 = 0. What is the remainder when 66 is divided by y?
20
What is the remainder when 2 is divided by (-6)/4*(-1)/(15/20)?
0
Suppose 4*d = 8 + 12. Let x be 9*(d/(-3))/(-5). Suppose -o - 4*a = 0, -a - 4*a = -x*o + 34. What is the remainder when 31 is divided by o?
7
Suppose -50 - 10 = 3*c. Let x = c + 1. Let n = 0 - x. What is the remainder when 35 is divided by n?
16
Suppose 18 = 10*r - 22. Calculate the remainder when (4 - 3) + (0 - -8) is divided by r.
1
Let s = 28 + -14. Suppose -3*v + 125 = -v + 5*p, 5*p = -v + 70. Calculate the remainder when v is divided by s.
13
Let v = 4041 + -4028. Calculate the remainder when v is divided by 1/4 - 7/(-4).
1
Let g(c) be the second derivative of -c + 0 - 21/2*c**2 - 2/3*c**3. Calculate the remainder when g(-14) is divided by 12.
11
Suppose 3*t = 5*v + 168, -13*t + 2*v = -8*t - 261. Let w(q) = -q**3 - 5*q**2 + 3*q - 5. Suppose 6 = -0*u - u. Calculate the remainder when t is divided by w(u).
12
Let b(t) be the second derivative of 19*t**3/6 - 3*t**2 - t. Calculate the remainder when b(3) is divided by 9.
6
Suppose -6*f + 391 - 145 = 0. Let u = -20 + 34. Calculate the remainder when f is divided by u.
13
Suppose d + 2*o = 28, 211 = 4*d + 2*o + 75. Suppose 4*x - d = -5*u, -u + 4*x + 6 - 18 = 0. Suppose -j + 30 = 2*j. What is the remainder when j is divided by u?
2
Let v = -4 + 19. Let m(y) = -y**3. Calculate the remainder when m(-3) is divided by v.
12
Calculate the remainder when (10/(-40) + 0)*-284 is divided by 35.
1
Let n be 2/7 + 20/28. Suppose -f - 11 + n = -5*z, -5*f + 13 = -4*z. What is the remainder when 5 is divided by z?
2
Let g(s) = s**2 - 8*s + 11. Let b = 3 + 3. Suppose -i + b*i = 285. What is the remainder when i is divided by g(9)?
17
Suppose 4 = -2*i + 3*z, -4*z + 15 = -1. Suppose 8 = 3*v + y, -v - i*y - 5 = -26. Calculate the remainder when 4/(-8) + (-10)/(-4) is divided by v.
0
Suppose 3*h = 3*o + 30, 10*o = -5*h + 5*o. What is the remainder when (-72)/(-3) - (-3 + (3 - -5)) is divided by h?
4
Suppose 4*r = -13 + 125. Let s be 6/(-21) - (-8044)/r. Suppose 0 = -7*p - 0*p + s. Calculate the remainder when p is divided by 15.
11
Let r(i) = 8*i + 12*i - 7*i + 7 + 7*i. Calculate the remainder when r(3) is divided by 18.
13
Let m be (2 - -1)/((-3)/(-22)). Let p = -8 + m. Let a(i) = -8*i + 1. What is the remainder when p is divided by a(-1)?
5
Suppose 0*d = -3*d + 9, -3*m + 5*d + 27 = 0. What is the remainder when 487 is divided by m?
11
Suppose -k + 1050 = 2*k. Calculate the remainder when k is divided by 88.
86
Suppose -4*y + 76 + 0 = 0. Let l be -40*((-32)/20 + 2). Let m = y - l. What is the remainder when m is divided by 18?
17
Suppose -4*a + 0 = -24. Let f be ((-52)/(-39))/(4/(-6)). What is the remainder when (-50)/(-5) - (3 + f) is divided by a?
3
Let h(k) = -k**3 - 4*k**2 - 2*k + 2. Let i be h(-5). Let q be ((-50)/(-4))/(8 + (-68)/8). Let l = i + q. Calculate the remainder when 44 is divided by l.
8
Suppose 4*i - 44 - 112 = 4*j, 5*j = -2*i + 57. What is the remainder when i is divided by 19?
17
Let a(h) = 2*h**2 - h + 3. Let r be a(2). Suppose -r*i + 491 = -283. Calculate the remainder when i is divided by 29.
28
Let r be (-21)/14 - 141/(-6). Suppose r = -5*c + 57. What is the remainder when 11 is divided by c?
4
Suppose -3*f - 4*n = -1635, 2*f - 2155 = -2*f + 3*n. What is the remainder when f is divided by 17?
14
Suppose 3*j - 322 = 4*c, 8*j - 4*j = -4*c + 420. Calculate the remainder when j is divided by 30.
16
Suppose -155 - 1905 = -20*k. What is the remainder when k is divided by 15?
13
Suppose 13*g - 8*g - 25 = 0. Suppose -3 = -3*v + 5*v - g*r, -39 = 5*v - 2*r. Let o = 0 - v. Calculate the remainder when 35 is divided by o.
8
Suppose 8*q - 47 = -7. Suppose 2*t = h + 70, 2*t - 14 = -q*h + 56. Let d = -11 + 30. What is the remainder when t is divided by d?
16
Let k(x) = 9*x**2 - 2*x + 3. What is the remainder when 65 is divided by k(2)?
30
Let i(b) = b + 23. Let t(z) = z**2 - 5*z + 1. Let r be t(2). Calculate the remainder when i(r) is divided by 10.
8
Suppose -40*t - 39 + 43 + 76 = 0. Calculate the remainder when (17/3 + -1)*3 is divided by t.
0
Let o(f) = -f**2 + 17*f - 6. Suppose 0 = 13*z - 366 - 128. What is the remainder when z is divided by o(16)?
8
Let j be 1 + 1*(-1 + 2). Let s be 8/j - (73 + -4). What is the remainder when 44 is divided by ((-78)/s)/(6/80)?
12
Calculate the remainder when 92 is divided by 1 + 2 - (-7 + -2).
8
Suppose 4 = -y, -b + 67*y + 130 = 65*y. What is the remainder when b is divided by 38?
8
Let d(z) = -z**3 - 8*z**2 + z + 16. Let s be d(-8). What is the remainder when 21 is divided by (-42)/s*(-32)/12?
7
Suppose -11*w - 6*w + 442 = 0. Calculate the remainder when 74 is divided by w.
22
Let b = 20 - 13. Let l(v) = 69*v**3 + v**2 - v + 1. Calculate the remainder when l(1) is divided by b/((-70)/4)*-45.
16
Calculate the remainder when 219 is divided by (6/4)/(321/22256).
11
Let s = 1409 - 1377. What is the remainder when 340 is divided by s?
20
Suppose 0 = 3*v - 6 + 3. Suppose 27 = 4*t - v. Let i = -15 + 35. What is the remainder when i is divided by t?
6
Let h be 8/6*(-33)/(-11). Suppose -w - 5*o + 2 = -6, -4*w + 80 = h*o. What is the remainder when w is divided by 7?
2
Let w = 1803 - 1789. What is the remainder when w is divided by 8?
6
Suppose -11*j - 136 = -9*j. Let r = j - -99. What is the remainder when r is divided by 11?
9
Let x(f) = -3*f - 3. Let v = 16 + -18. Let p be x(v). Let o = 5 + p. Calculate the remainder when 47 is divided by o.
7
Let o = -332 - -394. Calculate the rema